3
Let b(a) = 2*a**3 + 15*a**2 - 12*a - 20. Determine b(-8).
12
Let k(v) = v**2 + 14*v + 26. Give k(-9).
-19
Let j(w) = -w + 19. Give j(10).
9
Let h(l) = l**3 + 2*l**2 + 13*l + 18. Give h(0).
18
Let l(z) = z**3 + 5*z**2 - 7*z - 4. Calculate l(-6).
2
Let j(w) = 4*w - 12. Determine j(-7).
-40
Let q(l) = 2*l - 40. Calculate q(-9).
-58
Let i(g) = 4*g - 7. Give i(5).
13
Let w(h) = -h - 22. What is w(-11)?
-11
Let f(u) = -u**2 + 28*u - 39. Determine f(27).
-12
Let g(f) = 4*f + 28. Give g(-15).
-32
Let v(m) = m**3 - 24*m**2 + 2*m - 50. What is v(24)?
-2
Let b(y) = -y**3 + 17*y**2 - 16*y - 12. Calculate b(16).
-12
Let y(f) = 2*f**2 + 20*f - 25. What is y(-12)?
23
Let u(j) = 5*j - 2. What is u(2)?
8
Let k(m) = -2*m + 2. Give k(-10).
22
Let r(q) = 41*q - 40. Calculate r(1).
1
Let c(r) = 3*r**3 - 16*r**2 - 15*r + 42. Calculate c(5).
-58
Let p(q) = q**3 + 6*q**2 - 6*q - 15. Calculate p(-6).
21
Let x(s) = -s**3 + 9*s**2 - 7*s + 7. Give x(4).
59
Let d(g) = g**3 + 20*g**2 - 17*g + 90. What is d(-21)?
6
Let y(x) = 5*x + 27. Give y(-7).
-8
Let j(b) = 7*b - 20. Determine j(4).
8
Let z(h) = h**2 + 8*h - 48. Determine z(-11).
-15
Let k(n) = 64*n**3 + 2*n**2 - 1. Determine k(1).
65
Let m(p) = -9*p - 1. Give m(3).
-28
Let w(c) = 23*c. Give w(1).
23
Let n(j) = -16*j - 121. Calculate n(-8).
7
Let v(y) = -6*y - 52. What is v(-16)?
44
Let t(q) = q**3 + 23*q**2 + 25*q + 72. Determine t(-22).
6
Let g(b) = b**3 + 9*b**2 - 20*b - 103. Give g(-10).
-3
Let k(q) = -7*q + 3. Determine k(4).
-25
Let x(l) = l**2 - 47*l - 327. Determine x(53).
-9
Let r(f) = -f**3 - 11*f**2 + 100*f - 39. Determine r(-17).
-5
Let t(z) = -z + 6. What is t(-18)?
24
Let y(h) = -3*h**2 - 2*h + 4. Give y(-5).
-61
Let u(w) = -164*w. Give u(-1).
164
Let h(o) = -5*o. Calculate h(2).
-10
Let r(n) = 2*n + 31. What is r(14)?
59
Let k(y) = -y**3 - 8*y**2 + 18*y - 14. What is k(-10)?
6
Let c(g) = -g**3 - 8*g**2 - 3*g + 14. Give c(-7).
-14
Let g(h) = h**3 + 9*h**2 - 13*h + 20. Give g(-11).
-79
Let n(o) = 4*o + 2. Calculate n(1).
6
Let t(q) = 3*q - 14. Give t(7).
7
Let t(o) = o**3 - 5*o**2 - 5*o - 8. Determine t(6).
-2
Let r(m) = m**2 - 19*m - 9. What is r(9)?
-99
Let l(k) = -2*k - 11. Calculate l(-5).
-1
Let l(t) = -t**3 + 5*t**2 - t + 5. Determine l(5).
0
Let l(t) = -31*t**2 + 370*t + 29. Determine l(12).
5
Let i(q) = 2*q**3 + q**2 - 2*q - 2. Determine i(-2).
-10
Let d(b) = -42*b + 102. Give d(2).
18
Let j(w) = -w**2 - 29*w - 50. Calculate j(-27).
4
Let u(p) = p**3 - 11*p**2 + 12*p + 5. Calculate u(9).
-49
Let o(t) = t**3 + 12*t**2 - 7*t + 82. What is o(-13)?
4
Let p(v) = -v**2 + 6*v + 8. Give p(7).
1
Let w(j) = j**2 + 15*j + 1. Determine w(-12).
-35
Let g(w) = -w**3 + 31*w + 24. Calculate g(6).
-6
Let r(y) = 5*y**3 + 2*y. Give r(-2).
-44
Let h(f) = 2*f**2 - 18*f + 2. Calculate h(8).
-14
Let o(g) = -g**3 - 7*g**2 - 11*g - 78. Determine o(-7).
-1
Let z(p) = -2*p**2 - 9*p + 20. Determine z(-6).
2
Let p(w) = w**2 + w - 11. Calculate p(-7).
31
Let y(v) = 3*v**2 - 16*v - 6. Determine y(5).
-11
Let m(a) = 5*a + 14. Calculate m(-7).
-21
Let c(k) = -k**2 + 12*k + 3. What is c(11)?
14
Let g(f) = -2*f - 24. Calculate g(-14).
4
Let l(a) = a**2 - 5*a + 5. Calculate l(5).
5
Let n(l) = -l**3 + 4*l**2 + 7*l + 11. Give n(6).
-19
Let g(k) = 4*k - 38. What is g(15)?
22
Let s(x) = 2*x**2 + 5*x - 3. Calculate s(4).
49
Let r(u) = -2*u**2 + 22*u - 8. Give r(9).
28
Let p(z) = -3*z - 2. Calculate p(2).
-8
Let h(d) = -d**3 + 2*d**2 - 2*d. Calculate h(0).
0
Let o(g) = -g + 5. What is o(-6)?
11
Let a(o) = o**3 + 25*o**2 + 25*o + 32. Determine a(-24).
8
Let j(z) = z**3 - 16*z**2 + 3*z - 49. Calculate j(16).
-1
Let y(x) = -x**2 + 5*x + 5. Calculate y(-2).
-9
Let p(o) = -o**2 + 17*o - 21. What is p(14)?
21
Let y(b) = -5*b**2 + 3*b + 3. Give y(-2).
-23
Let k(x) = 36*x + 9. Give k(4).
153
Let z(p) = 6*p + 3. Determine z(-7).
-39
Let c(l) = -l**3 + 7*l**2 + 6*l + 9. Give c(7).
51
Let r(y) = -y**3 + 2*y**2 + 3*y - 5. Calculate r(1).
-1
Let b(z) = 6*z**2 - 1. Give b(1).
5
Let v(r) = -r**3 + 6*r**2 - 7*r + 16. Determine v(5).
6
Let x(a) = -a. Give x(-3).
3
Let g(h) = -h**3 + 7*h**2 - 6*h - 8. Determine g(6).
-8
Let t(k) = -17*k + 45. Give t(4).
-23
Let o(b) = b**3 - 7*b**2 + 10*b - 17. What is o(6)?
7
Let d(p) = -p**2 + 18*p - 22. What is d(8)?
58
Let m(c) = c**2 - 12*c + 6. Calculate m(12).
6
Let q(p) = 2*p**2 + 14*p - 9. Determine q(0).
-9
Let a(k) = 2*k**2 + 11*k + 9. What is a(-6)?
15
Let u(d) = -d**3 - 21*d**2 - 19*d + 20. What is u(-20)?
0
Let y(f) = 4*f - 5. Calculate y(-9).
-41
Let b(z) = -z**3 - 7*z**2 + 18*z + 6. Determine b(-9).
6
Let r(w) = -w**3 - 3*w**2 + 2*w. Calculate r(0).
0
Let l(d) = -d**3 - 8*d**2 - 11*d + 4. Give l(-5).
-16
Let m(c) = c**3 - 8*c**2 + 10*c - 9. Give m(7).
12
Let r(f) = f**3 - 16*f**2 - 15*f - 50. Determine r(17).
-16
Let g(d) = -d**3 + 14*d**2 - 12*d - 6. Give g(13).
7
Let m(s) = 11*s**3 + 5*s**2 - 2*s + 1. Give m(2).
105
Let m(b) = -6*b**2 - b. Give m(-2).
-22
Let c(v) = 11*v + 148. What is c(-15)?
-17
Let v(a) = a**3 - 7*a**2 - 7*a - 15. Determine v(7).
-64
Let n(k) = 2*k**2 + 2*k + 16. Calculate n(0).
16
Let k(c) = -2*c**3 + 11*c**2 - 3*c - 6. Determine k(5).
4
Let u(s) = 42*s + 329. What is u(-8)?
-7
Let q(o) = o**3 + 3*o**2 + 17. What is q(-4)?
1
Let l(o) = -o**2 + 8*o + 13. What is l(9)?
4
Let u(m) = -m**3 + 44*m**2 - 46*m + 140. What is u(43)?
11
Let w(t) = -152*t - 4. What is w(0)?
-4
Let g(h) = -2*h - 4. Give g(-7).
10
Let g(t) = t**3 - 14*t**2 + 50*t - 17. Calculate g(8).
-1
Let l(x) = -23*x - 46. Give l(-2).
0
Let v(z) = -8*z - 4. Give v(-2).
12
Let j(i) = -i**3 - 10*i**2 + 5*i - 73. Give j(-11).
-7
Let x(s) = 7*s**3 + s + 4. What is x(-2)?
-54
Let y(h) = -3*h**2 + 7*h - 6. Calculate y(3).
-12
Let b(s) = -s**2 - 25*s - 47. What is b(-23)?
-1
Let l(x) = x**3 - 5*x**2 + 2*x - 1. What is l(2)?
-9
Let t(k) = k**3 - 4*k**2 - 2*k - 1. Calculate t(4).
-9
Let n(z) = -z + 14. Calculate n(8).
6
Let b(c) = -6*c**3 + 35*c**2 + 5*c + 2. Give b(6).
-4
Let c(j) = -j + 4. Determine c(2).
2
Let j(h) = -2*h - 5. Calculate j(-9).
13
Let g(n) = -n**2 + 14*n + 48. Determine g(17).
-3
Let o(p) = 9*p - 70. Determine o(8).
2
Let a(n) = -n**3 + 6*n**2 + 5*n - 16. Calculate a(7).
-30
Let c(y) = -3*y**2 - 14*y - 5. Calculate c(-4).
3
Let s(c) = -c**3 - c**2 + 6. Calculate s(0).
6
Let f(c) = -4*c**2 + 36*c - 18. Give f(11).
-106
Let i(n) = -n**2 + 2*n - 6. Determine i(7).
-41
Let y(a) = -a - 7. Calculate y(-17).
10
Let g(y) = -y**2 - 4*y + 6. Give g(-5).
1
Let x(b) = -3*b**2 - 22*b + 38. Give x(-11).
-83
Let h(t) = 68*t + 1024. Calculate h(-15).
4
Let v(a) = -3*a**2 + 3. Determine v(3).
-24
Let w(o) = 58*o**3 - o**2 - o. Determine w(-1).
-58
Let f(x) = x**2 + x + 6. What is f(0)?
6
Let h(s) = -6*s - 5. Determine h(-2).
7
Let p(u) = u**3 - 8*u**2 - 26*u + 25. What is p(11)?
102
Let i(q) = 3*q + 5. What is i(-1)?
2
Let w(t) = -t - 7. Give w(9).
-16
Let w(g) = -g**2 + 16*g - 23. Calculate w(14).
5
Let n(l) = l**3 - 3*l**2 - 7*l - 4. What is n(5)?
11
Let o(p) = 2*p**3 + p**2 - p + 42. What is o(0)?
42
Let z(o) = -6*o + 24. Calculate z(-8).
72
Let y(d) = d**3 + 5*d**2 - 5*d + 9. Determine y(-6).
3
Let j(b) = -22*b**3 - b**2 - 2*b + 2. Determine j(1).
-23
Let j(i) = 2*i**2 - 6*i. Calculate j(5).
20
Let s(c) = 5*c**2 + 2*c + 3. What is s(-1)?
6
Let y(g) = 37*g - 150. What is y(4)?
-2
Let i(g) = g**3 - 4*g**2 - 5*g - 1. Calculate i(5).
-1
Let g(w) = 2*w**3 - 13*w**2 + 6*w + 9. What is g(6)?
9
Let a(w) = w**3 - 7*w**2 + 7*w - 16. Give a(6).
-10
Let d(j) = 3*j**2 + 2*j - 11. Calculate d(-4).
29
Let j(n) = n**2 + 6*n + 12. Give j(-2).
4
Let n(r) = -5*r**2 + 5*r + 1. What is n(-2)?
-29
Let j(r) = r**3 - r**2 + r + 4. Give j(0).
4
Let n(x) = 3*x**2 + 2*x - 12. What is n(5)?
73
Let f(c) = 56*c**3 + c**2 - c - 2. What is f(-1)?
-56
Let h(r) = -r**3 + 21*r**2 - 18*r - 47. Determine h(20).
-7
Let c(d) = d - 5. Calculate c(-8).
-13
Let r(v) = -v**2 + 10*v - 7. What is r(6)?
17
Let f(h) = -h**3 + h**2 - 2*h - 8. Determine f(0).
-8
Let r(u) = 23*u**3 - 15*u + 14. What is r(1)?
22
Let d(n) = n**3 - 12*n**2 + 5*n - 10. What is d(12)?
50
Let f(t) = t**2 - 14*t - 8. Give f(10).
-48
Let m(f) = f**2 + 3*f - 61. Calculate m(-9).
-7
Let o(s) = -2*s + 9. What is o(3)?
3
Let w(a) = 2*a + 10. What is w(8)?
26
Let p(y) = -y**2 - 5*y - 13. Give p(-2).
-7
